
0
Suppose -9*a + 1491 = 1437. Let l(u) = u - 5. Give l(a).
1
Let l(h) = h**3 - 9*h**2 - h + 5. Suppose -x + 4*d - 6 + 11 = 0, 0 = -2*x + 5*d + 13. Calculate l(x).
-4
Let c(a) = 6*a**2 + 24*a + 9. Let g(b) = 5*b**2 + 20*b + 7. Let o(h) = -4*c(h) + 5*g(h). Let l(z) = z - 1. Let n be l(-5). Calculate o(n).
11
Let q(h) = -15 + 3*h + 44 - 20 + h**2 - 5*h - 8. Let y(d) = -d - 2. Let x be y(-4). Let i be (x + (-8)/5)*5. Determine q(i).
1
Let p(n) be the first derivative of -n**2 - 5*n - 66. Suppose 7*a - 3*a - 20 = 0. Determine p(a).
-15
Let q = 6 - 10. Let l(v) = -v + 7*v - 4*v**3 + 3*v**3 - 7*v - 4*v**2. Let u be l(q). Let a(m) = -m**2 + 5*m. What is a(u)?
4
Let j(l) be the second derivative of l**5/20 - l**4/2 + l**3/2 - 2*l**2 + 6*l + 2. What is j(5)?
-14
Let y be (0 - (-15)/(-10))*(-16)/3. Let c(g) = -11*g + 19. Let s(t) = -7*t + 13. Let l(z) = -5*c(z) + 8*s(z). Give l(y).
1
Let p be -28*3*1/(-12). Let y(c) = c**2 + 1 + p*c + 12*c - 17*c. Determine y(-4).
9
Let l(o) = -3*o**2 + 23*o - 14. Let k(t) = -t**2 + 8*t - 5. Let x(q) = -17*k(q) + 6*l(q). Let m = 13 + -9. Give x(m).
-7
Let r(j) = 2*j**2 + 7*j + 1. Suppose -72 = -58*i - 304. Calculate r(i).
5
Let z(t) = -2*t**3 - 4*t**2 - 3*t. Let j be z(-2). Suppose -j*h = -11 - 13. Let g(v) = -v**3 + 3*v**2 + 3*v - 1. Calculate g(h).
-5
Let c be ((-7)/(-14))/(1/(-2)). Let u be (-7 - -8)*(-3)/c. Let f be 0*(u + -2 + 0). Let y(i) = i**2 - i - 8. Give y(f).
-8
Let o(a) = 1 - 28495*a - 1 + 28470*a. Calculate o(1).
-25
Suppose 0 = 4*j + 4*t - 8, -t = -2*t. Suppose 2*b = -g + j, 0*b + g + 8 = 3*b. Let d(n) = 2*n - n**3 + 0*n**3 - n**3 - 2*n**2 + 4*n**b. Give d(2).
-4
Let b(n) = -n. Let k(p) = p**2 + 3*p + 2. Suppose 2*x - 4*m = 14, -4*x + 4*m = -20 + 4. Let s(v) = x*k(v) - b(v). What is s(-3)?
-1
Let s = -3 - -8. Suppose 3*a = -5*d + 71, d + 86 = 6*d - 2*a. Let u(y) = -27*y - 5 + 14*y + d*y. Determine u(s).
10
Let t(o) = -15*o**2 - 27*o + 9. Let u = -83 - -70. Let x(d) = -7*d**2 - 13*d + 4. Let m(n) = u*x(n) + 6*t(n). Determine m(-6).
-4
Suppose 0 = 6*m - 4*m - 4. Suppose -2*u = m*j + 16, 0 = 4*j - 2*u - u - 3. Let x(h) = -h**3 - 3*h**2 + 4*h + 1. Calculate x(j).
-11
Let c(m) = -2*m**3 + 2*m**2 + 2*m - 1. Let z(h) = -7*h**3 + 21*h**2 + 21*h - 4. Let g(k) = -4*c(k) + z(k). Give g(-12).
-12
Let u(a) be the second derivative of -a**4/24 - 2*a**3/3 - 7*a**2/2 - 4*a. Let b(y) be the first derivative of u(y). Give b(-6).
2
Let w(r) = 4*r - 24. Let z(n) = 3*n - 13. Let d(u) = 4*w(u) - 9*z(u). What is d(2)?
-1
Let o(z) = 2*z + 6. Let d(g) = -19*g - 395. Let q be d(-21). What is o(q)?
14
Let t(l) = l**2 + 2*l + 1. Let p(n) = -9*n - 41. Let c be p(-4). Give t(c).
16
Let j(m) = 5*m**2 + 2*m - 3. Let k(t) = -17*t + 69. Let d be k(4). Give j(d).
4
Let q(f) = f**2 - 6*f + 4. Let u be 6/(-10) + 1521/(-15). Let m be u/14 - (-6)/21. Let s be (-4 - m)/((-2)/(-4)). Calculate q(s).
4
Let k(r) be the second derivative of -r**3/6 + r**2 + 8*r. Let m be k(-4). Let i(j) = -2*j + 9. Determine i(m).
-3
Let p = -718 + 731. Let v(m) = m**3 - 14*m**2 + 10*m + 41. Determine v(p).
2
Let d(v) = -2*v**3 - 2*v**2 + 2*v + 1. Suppose 5*h - 1 - 1 = q, -4*q + 5*h = 8. Let g be ((-8)/12 + 0)*(q - -5). Calculate d(g).
5
Let a(t) = 9*t + 4. Let z(i) = i + 2. Let f(s) = -a(s) + 5*z(s). What is f(3)?
-6
Let k(g) = -19*g - 9*g - 2*g**2 - 19 + 35*g + g**2 - 16*g. What is k(-7)?
-5
Let f(k) be the first derivative of 11 + 1/4*k**4 - 5/3*k**3 + 3*k + 1/2*k**2. Give f(4).
-9
Let x(a) be the first derivative of a**4/4 - a**3 + 2*a**2 - 2*a + 604. What is x(3)?
10
Let y(t) = 11*t**3 + 3*t**2 + 1. Let g(u) be the third derivative of u**6/24 + u**5/30 + 18*u**2. Let m(x) = -9*g(x) + 4*y(x). Let c = 12 - 18. Give m(c).
4
Suppose -27 = 14*o - 17*o. Let g(x) = x**3 + 8*x**2 + 9*x - 10. Let m(n) = -6*n**3 - 40*n**2 - 44*n + 49. Let l(a) = -11*g(a) - 2*m(a). Determine l(o).
-6
Let m(k) = 2 + 4*k + k - 1. Let n be 1*3/(-6)*-2. Let t be m(n). Let p(z) = -2*z. Determine p(t).
-12
Let l(u) = -u**2 + 3*u + 11. Let k be l(6). Let q(t) = t**2 + 7*t + 1. Determine q(k).
1
Suppose 5*o - 73 + 58 = 0. Let f(l) be the second derivative of 5/2*l**2 + 0 - 7*l + 1/12*l**4 - l**o. What is f(5)?
0
Let s = -18 + 18. Let q(r) be the third derivative of 8/3*r**3 + 0 + r**2 + 0*r - 1/24*r**4. Calculate q(s).
16
Let u(n) = -2*n**3 - 10*n**2 - n - 4. Let b(k) = -1. Let g(l) = -b(l) + u(l). Give g(-5).
2
Let f(q) = 5*q**2 + 2. Let c be f(0). Let g(v) = -6 - v - v + v + c*v. Let h be (-3 - -2)/((-1)/3). What is g(h)?
-3
Let f(d) = -d**2 - 14*d - 28. Let h(x) = -x**2 - 15*x - 34. Let s(j) = 7*f(j) - 6*h(j). Let t = -11 - -2. Give s(t).
-1
Let i(g) = -g**3 + 9*g**2 - 116*g + 122*g + 2*g**3 - 3 - 7. What is i(-8)?
6
Suppose 34 + 1 = i + 5*y, -5*i + 75 = 5*y. Suppose -i*u = -41 - 9. Let j(w) be the first derivative of -w**3/3 + 5*w**2/2 - 2*w - 1. Determine j(u).
-2
Let c(p) = p**3 + 2. Let k(v) = -v**3 - 4*v**2 - v. Let j be k(-4). Suppose 3*h + 7 = -3*o - 5, j*h + 4 = -o. Give c(h).
2
Let z(t) be the second derivative of t**3 + 0 - 1/2*t**2 + t - 1/12*t**4. Suppose -q + v + 10 - 8 = 0, -5*q - 4*v + 37 = 0. Give z(q).
4
Suppose 5*f + 4*o = -32, 4*f + 6 = 5*o + 5. Let n(i) = i**2 - 3*i - 6. Give n(f).
22
Let m(i) = -i**3 + i**2 + 2*i + 1. Let n(j) = -2*j - 14. Let p be -21 - -9 - (0 + -3). Let y be n(p). Suppose y*f = -4 + 12. What is m(f)?
1
Let t(d) = 2*d**3 + 1. Suppose -8*q - 164 = -4*q. Let v = q + 42. Determine t(v).
3
Let o(r) = -r**3 - 6*r**2 - 3*r + 11. Let y be o(-5). Let b(f) = f**2 - 2. Give b(y).
-1
Let m(b) be the first derivative of -2*b**2 - 5*b + 13. Let n(g) = 2*g + 3. Let q(h) = 3*m(h) + 5*n(h). Calculate q(2).
-4
Let w(m) = 18*m + 265. Let l be w(-15). Let k(v) = v**2 + 7*v + 17. Calculate k(l).
7
Let b(a) be the first derivative of -a**2/2 - 8*a - 1. Let x = -16 + 19. Suppose z + 3*u - 3 = -4*z, -3*z = -3*u + x. Determine b(z).
-8
Let o(y) = -y**2 - 10*y - 7. Let l = -53 - -25. Let t be 1 + 40/l - 120/14. What is o(t)?
2
Let f(t) = -3*t - 7. Let s(o) = -3*o - 7. Let n(v) = -5*f(v) + 4*s(v). Let i = -184 + 179. Calculate n(i).
-8
Suppose -3*o + 2 = 2*b - 24, -b - 2*o = -15. Let s = -3 + b. Let d(a) = a**2 - 4*a + 2. Give d(s).
2
Let r(o) = 2*o + 89 - o - 90 - 2*o. Suppose 10 = 2*j - 4. Let d = -1 + j. Give r(d).
-7
Let w be 1 + 1 - (9 - 16). Let d(k) = k**2 - 10*k - 11. What is d(w)?
-20
Let v(i) = i**2 + 6*i - 3. Let a = 5 + -2. Suppose -5*w + w = x + 19, -3*w + 3 = -5*x. Let p = x - a. What is v(p)?
-3
Let g(h) = h**3 + 4*h**2 + h - 4. Suppose -3*v - v - 28 = -4*k, -k = -5*v - 19. What is g(v)?
2
Let s(h) = -7*h**2 - 16*h - 3. Let y(i) = -19*i**2 - 47*i - 10. Let c(m) = 8*s(m) - 3*y(m). Give c(-12).
-6
Let i(s) = 4*s - 1. Let u(b) = -b + 1. Let m(d) = -i(d) - 3*u(d). Suppose 0 = -4*g - 6 + 26. Give m(g).
-7
Let w(c) = c**3 - c**2 - 11*c + 5. Suppose 0 = -4*d, 3*p - 10 - 2 = 3*d. Give w(p).
9
Suppose 683 - 513 = 17*n. Let h(y) = -y**2 + 8*y + 24. Determine h(n).
4
Suppose 6*s - 5*s - 7*z = -12, 4 = -2*s + 4*z. Let b(c) = -2*c**3 + 4*c**2 - 1. What is b(s)?
-1
Let l(u) = 3*u + 17. Suppose 2*p - 3 = -3*z, 25*p - 7 = 22*p - 5*z. Calculate l(p).
-1
Let d(q) be the third derivative of q**7/5040 + q**6/144 + q**5/60 + 16*q**2. Let x(f) be the third derivative of d(f). What is x(-5)?
0
Let u(h) = 6*h + 2 - 2*h + 2*h - 5*h. Let g be -2 - (2 - (0 - -4)). Give u(g).
2
Let q(j) = j**3 - 2*j**2 + 2*j - 1. Let k be q(2). Let y be (54/k)/((-2)/(-1)). Let w(l) = -l**3 + 9*l**2 - 2*l + 13. Give w(y).
-5
Let u(r) = 17*r - 191. Let b be u(11). Let i(y) = -y**2 - 6*y - 3. Determine i(b).
5
Suppose 4*z - 2*x = 42, -z - 4*x + 18 = -2*x. Let g be 30/8 + 3/z. Let f(b) = g*b - 6*b + 4*b. Give f(-1).
-2
Suppose -45 = -81*j + 76*j - 3*n, 0 = -n - 5. Let r(o) = -3*o + 24. Calculate r(j).
-12
Let q(l) be the second derivative of -9*l + 5/2*l**2 + 1/6*l**3 + 0. Calculate q(-4).
1
Let k(w) = -w**3 - 4*w**2 + 2*w + 3. Let a = 0 - 2. Let l(o) = o**3 + 3*o**2 - o + 9. Let q be l(-4). Let d be (q/6)/(a/(-16)). Calculate k(d).
-5
Let q be (-3 - 3)/(0 + -2). Let k(n) = 11*n**3 + 2 + 6*n**2 - 4*n - n**3 - 11*n**q + n. What is k(5)?
12
Let t(g) = 7 + 2*g + 15*g + 5*g**2 - 17*g - g**3. Calculate t(6).
-29
Let t(v) be the third derivative of v**6/120 + v**5/10 + v**4/4 + v**3/3 - 3*v**2. Let a(c) = 5*c**3 -